{"id":6894,"date":"2024-12-05T10:44:39","date_gmt":"2024-12-05T09:44:39","guid":{"rendered":"https:\/\/www.groupeprofessionsante.fr\/general-subscription-conditions\/"},"modified":"2024-12-05T10:44:39","modified_gmt":"2024-12-05T09:44:39","slug":"general-subscription-conditions","status":"publish","type":"page","link":"https:\/\/www.groupeprofessionsante.fr\/en\/general-subscription-conditions\/","title":{"rendered":"General subscription conditions"},"content":{"rendered":"<p><img decoding=\"async\" class=\"alignnone size-medium wp-image-5438\" src=\"https:\/\/www.groupeprofessionsante.fr\/wp-content\/uploads\/2024\/12\/Quotidien-du-medecin-300x79.jpg\" alt=\"\" width=\"300\" height=\"79\">         <img decoding=\"async\" class=\"alignnone size-medium wp-image-5439\" src=\"https:\/\/www.groupeprofessionsante.fr\/wp-content\/uploads\/2024\/12\/Quotidien-du-pharmacien-300x92.png\" alt=\"\" width=\"300\" height=\"92\"><\/p>\n<p>The general terms and conditions of subscription define the conditions of access, for the subscriber and the staff of his establishment, to the information and services platform www.lequotidiendumedecin.fr or www.lequotidiendupharmacien.fr<\/p>\n<p><a href=\"https:\/\/www.groupeprofessionsante.fr\/wp-content\/uploads\/2024\/12\/CGV-abonnements-1-1.pdf\" target=\"_blank\" rel=\"noopener\">Download the full document<\/a><\/p>\n","protected":false},"excerpt":{"rendered":"<p>The general terms and conditions of subscription define the conditions of access, for the subscriber and the staff of his establishment, to the information and services platform www.lequotidiendumedecin.fr or www.lequotidiendupharmacien.fr Download the full document<\/p>\n","protected":false},"author":15,"featured_media":0,"parent":0,"menu_order":0,"comment_status":"closed","ping_status":"closed","template":"page-template-blank.php","meta":{"_et_pb_use_builder":"","_et_pb_old_content":"","_et_gb_content_width":""},"acf":[],"yoast_head":"<!-- This site is optimized with the Yoast SEO plugin v19.11 - https:\/\/yoast.com\/wordpress\/plugins\/seo\/ -->\n<title>General subscription conditions - Groupe Profession Sant\u00e9<\/title>\n<meta name=\"robots\" content=\"index, follow, max-snippet:-1, max-image-preview:large, max-video-preview:-1\" \/>\n<link rel=\"canonical\" href=\"https:\/\/www.groupeprofessionsante.fr\/en\/general-subscription-conditions\/\" \/>\n<meta property=\"og:locale\" content=\"en_US\" \/>\n<meta property=\"og:type\" content=\"article\" \/>\n<meta property=\"og:title\" content=\"General subscription conditions - Groupe Profession Sant\u00e9\" \/>\n<meta property=\"og:description\" content=\"The general terms and conditions of subscription define the conditions of access, for the subscriber and the staff of his establishment, to the information and services platform www.lequotidiendumedecin.fr or www.lequotidiendupharmacien.fr Download the full document\" \/>\n<meta property=\"og:url\" content=\"https:\/\/www.groupeprofessionsante.fr\/en\/general-subscription-conditions\/\" \/>\n<meta property=\"og:site_name\" content=\"Groupe Profession Sant\u00e9\" \/>\n<meta property=\"og:image\" content=\"https:\/\/www.groupeprofessionsante.fr\/wp-content\/uploads\/2024\/12\/Quotidien-du-medecin-300x79.jpg\" \/>\n<meta name=\"twitter:card\" content=\"summary_large_image\" \/>\n<meta name=\"twitter:site\" content=\"@gpsante\" \/>\n<script type=\"application\/ld+json\" class=\"yoast-schema-graph\">{\"@context\":\"https:\/\/schema.org\",\"@graph\":[{\"@type\":\"WebPage\",\"@id\":\"https:\/\/www.groupeprofessionsante.fr\/en\/general-subscription-conditions\/\",\"url\":\"https:\/\/www.groupeprofessionsante.fr\/en\/general-subscription-conditions\/\",\"name\":\"General subscription conditions - Groupe Profession Sant\u00e9\",\"isPartOf\":{\"@id\":\"https:\/\/www.groupeprofessionsante.fr\/en\/#website\"},\"datePublished\":\"2024-12-05T09:44:39+00:00\",\"dateModified\":\"2024-12-05T09:44:39+00:00\",\"breadcrumb\":{\"@id\":\"https:\/\/www.groupeprofessionsante.fr\/en\/general-subscription-conditions\/#breadcrumb\"},\"inLanguage\":\"en-US\",\"potentialAction\":[{\"@type\":\"ReadAction\",\"target\":[\"https:\/\/www.groupeprofessionsante.fr\/en\/general-subscription-conditions\/\"]}]},{\"@type\":\"BreadcrumbList\",\"@id\":\"https:\/\/www.groupeprofessionsante.fr\/en\/general-subscription-conditions\/#breadcrumb\",\"itemListElement\":[{\"@type\":\"ListItem\",\"position\":1,\"name\":\"Accueil\",\"item\":\"https:\/\/www.groupeprofessionsante.fr\/en\/\"},{\"@type\":\"ListItem\",\"position\":2,\"name\":\"General subscription conditions\"}]},{\"@type\":\"WebSite\",\"@id\":\"https:\/\/www.groupeprofessionsante.fr\/en\/#website\",\"url\":\"https:\/\/www.groupeprofessionsante.fr\/en\/\",\"name\":\"Groupe Profession Sant\u00e9\",\"description\":\"1er groupe M\u00e9dias et Services pour la sant\u00e9\",\"publisher\":{\"@id\":\"https:\/\/www.groupeprofessionsante.fr\/en\/#organization\"},\"alternateName\":\"1er Groupe m\u00e9dias et services pour les professionnels de sant\u00e9\",\"potentialAction\":[{\"@type\":\"SearchAction\",\"target\":{\"@type\":\"EntryPoint\",\"urlTemplate\":\"https:\/\/www.groupeprofessionsante.fr\/en\/?s={search_term_string}\"},\"query-input\":\"required name=search_term_string\"}],\"inLanguage\":\"en-US\"},{\"@type\":\"Organization\",\"@id\":\"https:\/\/www.groupeprofessionsante.fr\/en\/#organization\",\"name\":\"Groupe Profession Sant\u00e9\",\"url\":\"https:\/\/www.groupeprofessionsante.fr\/en\/\",\"logo\":{\"@type\":\"ImageObject\",\"inLanguage\":\"en-US\",\"@id\":\"https:\/\/www.groupeprofessionsante.fr\/en\/#\/schema\/logo\/image\/\",\"url\":\"https:\/\/www.groupeprofessionsante.fr\/wp-content\/uploads\/2022\/05\/logo-GPS.svg\",\"contentUrl\":\"https:\/\/www.groupeprofessionsante.fr\/wp-content\/uploads\/2022\/05\/logo-GPS.svg\",\"width\":208,\"height\":179,\"caption\":\"Groupe Profession Sant\u00e9\"},\"image\":{\"@id\":\"https:\/\/www.groupeprofessionsante.fr\/en\/#\/schema\/logo\/image\/\"},\"sameAs\":[\"https:\/\/www.linkedin.com\/company\/groupe-profession-sant\/?originalSubdomain=fr\",\"https:\/\/twitter.com\/gpsante\"]}]}<\/script>\n<!-- \/ Yoast SEO plugin. -->","yoast_head_json":{"title":"General subscription conditions - Groupe Profession Sant\u00e9","robots":{"index":"index","follow":"follow","max-snippet":"max-snippet:-1","max-image-preview":"max-image-preview:large","max-video-preview":"max-video-preview:-1"},"canonical":"https:\/\/www.groupeprofessionsante.fr\/en\/general-subscription-conditions\/","og_locale":"en_US","og_type":"article","og_title":"General subscription conditions - Groupe Profession Sant\u00e9","og_description":"The general terms and conditions of subscription define the conditions of access, for the subscriber and the staff of his establishment, to the information and services platform www.lequotidiendumedecin.fr or www.lequotidiendupharmacien.fr Download the full document","og_url":"https:\/\/www.groupeprofessionsante.fr\/en\/general-subscription-conditions\/","og_site_name":"Groupe Profession Sant\u00e9","og_image":[{"url":"https:\/\/www.groupeprofessionsante.fr\/wp-content\/uploads\/2024\/12\/Quotidien-du-medecin-300x79.jpg"}],"twitter_card":"summary_large_image","twitter_site":"@gpsante","schema":{"@context":"https:\/\/schema.org","@graph":[{"@type":"WebPage","@id":"https:\/\/www.groupeprofessionsante.fr\/en\/general-subscription-conditions\/","url":"https:\/\/www.groupeprofessionsante.fr\/en\/general-subscription-conditions\/","name":"General subscription conditions - Groupe Profession Sant\u00e9","isPartOf":{"@id":"https:\/\/www.groupeprofessionsante.fr\/en\/#website"},"datePublished":"2024-12-05T09:44:39+00:00","dateModified":"2024-12-05T09:44:39+00:00","breadcrumb":{"@id":"https:\/\/www.groupeprofessionsante.fr\/en\/general-subscription-conditions\/#breadcrumb"},"inLanguage":"en-US","potentialAction":[{"@type":"ReadAction","target":["https:\/\/www.groupeprofessionsante.fr\/en\/general-subscription-conditions\/"]}]},{"@type":"BreadcrumbList","@id":"https:\/\/www.groupeprofessionsante.fr\/en\/general-subscription-conditions\/#breadcrumb","itemListElement":[{"@type":"ListItem","position":1,"name":"Accueil","item":"https:\/\/www.groupeprofessionsante.fr\/en\/"},{"@type":"ListItem","position":2,"name":"General subscription conditions"}]},{"@type":"WebSite","@id":"https:\/\/www.groupeprofessionsante.fr\/en\/#website","url":"https:\/\/www.groupeprofessionsante.fr\/en\/","name":"Groupe Profession Sant\u00e9","description":"1er groupe M\u00e9dias et Services pour la sant\u00e9","publisher":{"@id":"https:\/\/www.groupeprofessionsante.fr\/en\/#organization"},"alternateName":"1er Groupe m\u00e9dias et services pour les professionnels de sant\u00e9","potentialAction":[{"@type":"SearchAction","target":{"@type":"EntryPoint","urlTemplate":"https:\/\/www.groupeprofessionsante.fr\/en\/?s={search_term_string}"},"query-input":"required name=search_term_string"}],"inLanguage":"en-US"},{"@type":"Organization","@id":"https:\/\/www.groupeprofessionsante.fr\/en\/#organization","name":"Groupe Profession Sant\u00e9","url":"https:\/\/www.groupeprofessionsante.fr\/en\/","logo":{"@type":"ImageObject","inLanguage":"en-US","@id":"https:\/\/www.groupeprofessionsante.fr\/en\/#\/schema\/logo\/image\/","url":"https:\/\/www.groupeprofessionsante.fr\/wp-content\/uploads\/2022\/05\/logo-GPS.svg","contentUrl":"https:\/\/www.groupeprofessionsante.fr\/wp-content\/uploads\/2022\/05\/logo-GPS.svg","width":208,"height":179,"caption":"Groupe Profession Sant\u00e9"},"image":{"@id":"https:\/\/www.groupeprofessionsante.fr\/en\/#\/schema\/logo\/image\/"},"sameAs":["https:\/\/www.linkedin.com\/company\/groupe-profession-sant\/?originalSubdomain=fr","https:\/\/twitter.com\/gpsante"]}]}},"_links":{"self":[{"href":"https:\/\/www.groupeprofessionsante.fr\/en\/wp-json\/wp\/v2\/pages\/6894"}],"collection":[{"href":"https:\/\/www.groupeprofessionsante.fr\/en\/wp-json\/wp\/v2\/pages"}],"about":[{"href":"https:\/\/www.groupeprofessionsante.fr\/en\/wp-json\/wp\/v2\/types\/page"}],"author":[{"embeddable":true,"href":"https:\/\/www.groupeprofessionsante.fr\/en\/wp-json\/wp\/v2\/users\/15"}],"replies":[{"embeddable":true,"href":"https:\/\/www.groupeprofessionsante.fr\/en\/wp-json\/wp\/v2\/comments?post=6894"}],"version-history":[{"count":0,"href":"https:\/\/www.groupeprofessionsante.fr\/en\/wp-json\/wp\/v2\/pages\/6894\/revisions"}],"wp:attachment":[{"href":"https:\/\/www.groupeprofessionsante.fr\/en\/wp-json\/wp\/v2\/media?parent=6894"}],"curies":[{"name":"wp","href":"https:\/\/api.w.org\/{rel}","templated":true}]}}

<!-- This site is optimized with the Yoast SEO plugin v19.11 - https://yoast.com/wordpress/plugins/seo/ -->
<title>General subscription conditions - Groupe Profession Santé</title>
<meta name="robots" content="index, follow, max-snippet:-1, max-image-preview:large, max-video-preview:-1" />
<link rel="canonical" href="https://www.groupeprofessionsante.fr/en/general-subscription-conditions/" />
<meta property="og:locale" content="en_US" />
<meta property="og:type" content="article" />
<meta property="og:title" content="General subscription conditions - Groupe Profession Santé" />
<meta property="og:description" content="The general terms and conditions of subscription define the conditions of access, for the subscriber and the staff of his establishment, to the information and services platform www.lequotidiendumedecin.fr or www.lequotidiendupharmacien.fr Download the full document" />
<meta property="og:url" content="https://www.groupeprofessionsante.fr/en/general-subscription-conditions/" />
<meta property="og:site_name" content="Groupe Profession Santé" />
<meta property="og:image" content="https://www.groupeprofessionsante.fr/wp-content/uploads/2024/12/Quotidien-du-medecin-300x79.jpg" />
<meta name="twitter:card" content="summary_large_image" />
<meta name="twitter:site" content="@gpsante" />
<script type="application/ld+json" class="yoast-schema-graph">{"@context":"https://schema.org","@graph":[{"@type":"WebPage","@id":"https://www.groupeprofessionsante.fr/en/general-subscription-conditions/","url":"https://www.groupeprofessionsante.fr/en/general-subscription-conditions/","name":"General subscription conditions - Groupe Profession Santé","isPartOf":{"@id":"https://www.groupeprofessionsante.fr/en/#website"},"datePublished":"2024-12-05T09:44:39+00:00","dateModified":"2024-12-05T09:44:39+00:00","breadcrumb":{"@id":"https://www.groupeprofessionsante.fr/en/general-subscription-conditions/#breadcrumb"},"inLanguage":"en-US","potentialAction":[{"@type":"ReadAction","target":["https://www.groupeprofessionsante.fr/en/general-subscription-conditions/"]}]},{"@type":"BreadcrumbList","@id":"https://www.groupeprofessionsante.fr/en/general-subscription-conditions/#breadcrumb","itemListElement":[{"@type":"ListItem","position":1,"name":"Accueil","item":"https://www.groupeprofessionsante.fr/en/"},{"@type":"ListItem","position":2,"name":"General subscription conditions"}]},{"@type":"WebSite","@id":"https://www.groupeprofessionsante.fr/en/#website","url":"https://www.groupeprofessionsante.fr/en/","name":"Groupe Profession Santé","description":"1er groupe Médias et Services pour la santé","publisher":{"@id":"https://www.groupeprofessionsante.fr/en/#organization"},"alternateName":"1er Groupe médias et services pour les professionnels de santé","potentialAction":[{"@type":"SearchAction","target":{"@type":"EntryPoint","urlTemplate":"https://www.groupeprofessionsante.fr/en/?s={search_term_string}"},"query-input":"required name=search_term_string"}],"inLanguage":"en-US"},{"@type":"Organization","@id":"https://www.groupeprofessionsante.fr/en/#organization","name":"Groupe Profession Santé","url":"https://www.groupeprofessionsante.fr/en/","logo":{"@type":"ImageObject","inLanguage":"en-US","@id":"https://www.groupeprofessionsante.fr/en/#/schema/logo/image/","url":"https://www.groupeprofessionsante.fr/wp-content/uploads/2022/05/logo-GPS.svg","contentUrl":"https://www.groupeprofessionsante.fr/wp-content/uploads/2022/05/logo-GPS.svg","width":208,"height":179,"caption":"Groupe Profession Santé"},"image":{"@id":"https://www.groupeprofessionsante.fr/en/#/schema/logo/image/"},"sameAs":["https://www.linkedin.com/company/groupe-profession-sant/?originalSubdomain=fr","https://twitter.com/gpsante"]}]}</script>
<!-- / Yoast SEO plugin. -->

General subscription conditions - Groupe Profession Santé

Groupe Profession Santé

1er groupe Médias et Services pour la santé

1er Groupe médias et services pour les professionnels de santé
